*2 - 5*f + 3. What is s(3)?
-3
Let o(r) = 5*r - 37. What is o(9)?
8
Let y(m) = m**2 + 3*m - 4. What is y(-6)?
14
Let q(b) = -b**3 - 10*b**2 - 9*b + 8. What is q(-9)?
8
Let h(s) = -s**3 + 6*s**2 - 6*s + 45. Give h(6).
9
Let i(z) = -z**2 + z + 4. What is i(0)?
4
Let f(k) = -k**3 + 8*k**2 - 4*k + 2. What is f(6)?
50
Let a(g) = g**3 - 7*g**2 - 3*g + 26. What is a(7)?
5
Let s(w) = w**2 - 22*w + 47. What is s(19)?
-10
Let r(c) = c**3 - 17*c**2 - 15*c - 28. Calculate r(18).
26
Let f(m) = -m**3 + 9*m**2 + 11*m - 12. Determine f(10).
-2
Let o(n) = n**3 + 2*n**2 - 13*n + 4. Calculate o(-5).
-6
Let l(c) = 4*c - 104. Calculate l(28).
8
Let h(g) = 8*g**2 - 5*g - 6. Give h(-1).
7
Let j(f) = -35*f + 283. Determine j(8).
3
Let o(v) = -2*v - 12. What is o(-9)?
6
Let l(h) = 14*h + 266. Give l(-20).
-14
Let w(u) = -u**3 + 35*u**2 - 68*u + 67. What is w(33)?
1
Let t(f) = 2*f - 17. Determine t(17).
17
Let h(q) = -q**3 - 12*q**2 + 11*q - 52. What is h(-13)?
-26
Let q(k) = -k**3 + 12*k**2 + 6*k - 40. Give q(12).
32
Let j(b) = 3*b**3 + 50*b**2 - 20*b - 42. What is j(-17)?
9
Let i(c) = -3*c - 15. Give i(-5).
0
Let m(k) = -k**2 + 21*k - 85. Determine m(4).
-17
Let h(g) = g**2 + 14*g - 88. Calculate h(5).
7
Let v(n) = -2*n**2 + 48*n - 223. What is v(18)?
-7
Let b(r) = -r**3 + 12*r**2 - 29*r + 11. What is b(9)?
-7
Let r(a) = 8*a - 4. Give r(-4).
-36
Let o(n) = n**3 + 5*n**2 - 8*n - 14. What is o(-4)?
34
Let q(b) = b**2 + 19*b + 84. Give q(-13).
6
Let s(p) = -p**2 + 14*p + 11. Determine s(-2).
-21
Let l(b) = 3*b + 78. Give l(-24).
6
Let r(p) = 6*p**2 + 3*p - 16. Determine r(2).
14
Let i(q) = -2*q**2 + 17*q + 45. Give i(9).
36
Let l(g) = -4*g**2 - 3*g + 2. Determine l(1).
-5
Let z(v) = -v**2 - v - 6. What is z(-5)?
-26
Let p(l) = l**2 + 47*l + 528. Determine p(-29).
6
Let m(r) = 22*r - 87. Calculate m(6).
45
Let i(p) = -p**3 + 3*p**2 + 21*p - 37. Calculate i(6).
-19
Let q(k) = 3*k**2 + 3*k. Determine q(-2).
6
Let m(z) = -z**3 + 6*z**2 - 8*z - 1. Determine m(5).
-16
Let d(f) = -15*f**3 + 3*f + 4. Determine d(-1).
16
Let g(v) = 11*v - 105. Give g(9).
-6
Let p(u) = 8*u + 36. Give p(-6).
-12
Let o(j) = -j**3 - 23*j**2 - 4*j - 72. Determine o(-23).
20
Let n(u) = -19*u + 109. Calculate n(10).
-81
Let t(f) = 2*f**3 - 15*f**2 + 7*f + 1. Determine t(7).
1
Let u(h) = 27*h + 6. Determine u(-3).
-75
Let b(j) = -j**2 - 36*j - 95. Determine b(-33).
4
Let n(a) = -a - 9. What is n(-7)?
-2
Let g(k) = k**2 + 15*k - 28. What is g(-12)?
-64
Let i(g) = g**3 + 9*g**2 + 2*g - 9. Calculate i(-9).
-27
Let w(b) = b**2 - 2*b - 28. Give w(9).
35
Let q(o) = -o**2 + 6. What is q(3)?
-3
Let s(j) = j**3 + 13*j**2 + 4*j - 28. Determine s(-12).
68
Let i(t) = -t**3 - 6*t**2 - 3*t - 1. Calculate i(-6).
17
Let t(o) = -o**3 - 11*o**2 - 10*o - 5. Determine t(-10).
-5
Let d(t) = t**2 + 13*t - 22. What is d(-15)?
8
Let j(h) = -h + 6. Calculate j(0).
6
Let x(c) = -c**3 + 2*c**2 + 41*c - 45. Give x(7).
-3
Let s(b) = -7*b + 137. Calculate s(17).
18
Let b(q) = -q**3 + 2*q**2 + 3*q + 4. Give b(-3).
40
Let u(y) = -y - 13. Give u(-11).
-2
Let x(y) = -y**3 + 7*y**2 - y + 20. Calculate x(7).
13
Let u(j) = -j**3 + j**2 + 4*j - 2. Determine u(3).
-8
Let b(s) = s**2 + 18*s + 23. What is b(-17)?
6
Let n(h) = -2*h**2 - 5*h - 6. Calculate n(-4).
-18
Let n(m) = -7*m**2 - 7*m + 20. What is n(4)?
-120
Let k(l) = -l**2 + l + 10. Calculate k(5).
-10
Let a(u) = -u**2 - u + 4. What is a(-2)?
2
Let r(o) = 2*o**2 + 46*o - 42. Give r(-23).
-42
Let y(p) = 4*p + 25. Give y(0).
25
Let k(z) = -2*z**3 - 10*z**2 + 19*z + 36. Give k(-6).
-6
Let u(c) = c**3 + 12*c**2 + 158. What is u(-13)?
-11
Let l(v) = -21*v**2 + 62*v - 1. Give l(3).
-4
Let r(k) = k**3 - 5*k**2 - k + 7. What is r(5)?
2
Let x(k) = -k**3 - 13*k**2 - 13*k + 6. Give x(-12).
18
Let v(t) = 149*t + 145. Give v(-1).
-4
Let r(m) = -m**3 - 8*m**2 - 6*m - 3. Give r(-8).
45
Let k(q) = q**3 - 19*q**2 + 23*q - 74. Give k(18).
16
Let b(i) = i**3 + i**2 - 2*i + 18. Determine b(-6).
-150
Let v(u) = u**2 + u + 6. Determine v(0).
6
Let r(j) = -2*j**3 - 10*j**2 + 15*j + 10. Give r(-6).
-8
Let u(a) = 2*a**2 + 16*a + 11. What is u(-5)?
-19
Let j(a) = -a**3 + 15*a**2 - 39*a + 30. Calculate j(12).
-6
Let s(h) = -54*h + 377. What is s(7)?
-1
Let n(l) = 4*l - 17. Determine n(13).
35
Let b(x) = -x**2 + 16*x + 18. What is b(15)?
33
Let j(i) = -29*i - 197. Calculate j(-7).
6
Let s(g) = -g**2 + 4*g + 11. What is s(10)?
-49
Let x(m) = -83*m**3 - 3*m + 3. Give x(1).
-83
Let t(k) = -2*k**2 + 20*k - 33. Calculate t(8).
-1
Let q(k) = k**3 + 8*k**2 - 2*k - 20. Give q(-8).
-4
Let f(s) = -9*s + 4. Calculate f(2).
-14
Let r(w) = 8*w**3 - 2*w**2 - 3*w - 2. Give r(-1).
-9
Let q(d) = -d**2 + 6*d + 34. Determine q(-4).
-6
Let n(z) = -z**3 - 9*z**2 + z + 12. What is n(-9)?
3
Let m(d) = 3*d + 4. What is m(9)?
31
Let g(i) = -i**3 - 7*i**2 - 6*i + 1. Determine g(-5).
-19
Let n(v) = -4*v - 38. What is n(-5)?
-18
Let v(j) = j**2 + 5*j - 17. What is v(4)?
19
Let m(p) = -2*p**3 + 10*p**2 - 20*p + 17. Calculate m(4).
-31
Let y(r) = 2*r + 44. Determine y(-23).
-2
Let x(m) = m**3 - 2*m**2 + 5*m + 5. Give x(-3).
-55
Let k(z) = -z**2 - 29*z + 250. Give k(-35).
40
Let q(z) = z**3 - 5*z**2 - 5*z + 24. What is q(5)?
-1
Let p(x) = x**2 - 14*x - 24. Give p(15).
-9
Let x(j) = j**3 - 5*j**2 - 6*j + 12. Determine x(5).
-18
Let n(c) = -c**3 - c**2 - 2*c - 1. Calculate n(-1).
1
Let i(p) = -2*p**3 - 4*p**2 - p - 22. Calculate i(-3).
-1
Let s(n) = -7*n. Determine s(8).
-56
Let n(y) = -21*y**2 - 42*y + 2. Calculate n(-2).
2
Let b(l) = -l**2 - 4*l + 9. Determine b(-5).
4
Let w(b) = -4*b**3 - 46*b**2 - 21*b - 5. What is w(-11)?
-16
Let v(a) = -7*a**3 + 2*a**2 + 2*a + 1. Calculate v(-1).
8
Let x(s) = 21*s**2 - s. Calculate x(2).
82
Let v(b) = -3*b**2 + 19*b - 42. Give v(4).
-14
Let y(u) = u**3 - 8*u**2 - 4*u - 10. Give y(9).
35
Let c(w) = -3*w**2 + 22*w - 2. Calculate c(7).
5
Let d(o) = 16*o - 266. Give d(17).
6
Let f(m) = -3*m + 10. Give f(9).
-17
Let h(c) = -4*c**2 - 3*c. Calculate h(-3).
-27
Let k(s) = 6*s + 2. Calculate k(8).
50
Let r(b) = -4*b + 60. What is r(15)?
0
Let r(t) = t**3 + 7*t**2 - 7*t + 6. Give r(-8).
-2
Let v(p) = 10*p - 1. What is v(2)?
19
Let c(g) = g**3 + 8*g**2 + 10*g. Calculate c(-7).
-21
Let d(o) = -14*o - 3. Give d(-8).
109
Let i(o) = -29*o + 1. Calculate i(-1).
30
Let c(w) = w**3 + 10*w**2 + 9*w + 11. Determine c(-9).
11
Let w(v) = -51*v + 504. Calculate w(10).
-6
Let x(m) = -53*m - 103. Determine x(-2).
3
Let x(w) = w**2 + 4*w + 9. Calculate x(-6).
21
Let k(t) = -3*t + 28. Determine k(10).
-2
Let b(r) = -13*r - 5. What is b(-4)?
47
Let b(d) = -4*d - 8. What is b(-4)?
8
Let f(z) = -z**3 + 5*z**2 + 6*z - 7. Calculate f(7).
-63
Let z(x) = x**3 - 2*x**2 - x + 2. What is z(2)?
0
Let u(t) = 4*t + 29. What is u(-7)?
1
Let w(b) = 8*b - 27. Calculate w(3).
-3
Let a(o) = -o + 2. Determine a(2).
0
Let u(x) = -x**2 - 43*x + 196. What is u(-47)?
8
Let v(m) = -3*m**3 - m. Determine v(-1).
4
Let l(a) = -a**3 - 5*a**2 + 8*a + 15. Give l(-6).
3
Let z(b) = -b**2 + 10*b + 12. What is z(12)?
-12
Let q(m) = 134*m**3 - m**2 + 1. Calculate q(1).
134
Let m(a) = -5*a**2 - 79*a - 19. What is m(-15)?
41
Let q(b) = b**2 + 12*b + 8. Give q(-8).
-24
Let a(v) = v**2 + 12*v - 9. What is a(-10)?
-29
Let h(c) = 21*c**2 + 10*c + 17. What is h(-2)?
81
Let x(g) = g**2 + 3*g + 3. Give x(4).
31
Let c(t) = t**2 - 23*t - 51. Calculate c(20).
-111
Let w(p) = -3*p**2 - p + 3. Give w(4).
-49
Let p(c) = 12*c - 2. What is p(5)?
58
Let y(j) = 6*j**2 - 3*j + 3. Calculate y(1).
6
Let a(u) = u + 1. What is a(4)?
5
Let z(n) = 381*n + 374. Give z(-1).
-7
Let z(t) = t**2 + 20*t + 15. Calculate z(-20).
15
Let d(o) = -o - 7. Determine d(-4).
-3
Let x(s) = -s**2 + 14*s + 13. Give x(7).
62
Let j(m) = -21*m**2 + 6*m + 4. Calculate j(-1).
-23
Let d(v) = -2*v - 38. Calculate d(-15).
-8
Let q(g) = -g - 14. Determine q(-15).
1
Let f(b) = b**3 + 16*b**2 + 2*b + 8. Give f(-16).
-24
Let m(d) = -d**2 - 62*d + 191. What is m(-65)?
-4
Let x(u) = -u**2 - 14*u + 37. What is x(-16)?
5
Let c(l) = -7*l - 97. Give c(-19).
36
Let h(u) = -20*u - 54. What is h(-4)?
26
Let o(n) = -5*n - 12. Give o(-6).
18
Let t(w) = w**2 + 7*w + 19. Calculate t(-7).
19
Let d(z) = z**2 + 6*z - 7. What is d(-8)?
9
Let g(u) = -4*u - 45. What is g(-14)?
11
Let n(r) = -r + 22. Give n(-7).
29
Let u(o) = 5*o**2 - 9*